{"id":33,"date":"2024-06-13T16:47:22","date_gmt":"2024-06-13T16:47:22","guid":{"rendered":"https:\/\/mediaklins.com\/olivia\/?page_id=33"},"modified":"2024-06-14T14:33:15","modified_gmt":"2024-06-14T14:33:15","slug":"curadora","status":"publish","type":"page","link":"https:\/\/mediaklins.com\/olivia\/sobre-mim\/curadora\/","title":{"rendered":"Curadora"},"content":{"rendered":"\n<p><strong>OL\u00cdVIA DA COSTA,<\/strong><\/p>\n\n\n\n<p><strong>Arquiteta | Investiga\u00e7\u00e3o, Artes Visuais e correspondente art\u00edstica da Arts Illustrated em Portugal.<\/strong><\/p>\n\n\n\n<figure class=\"wp-block-image\"><img decoding=\"async\" src=\"https:\/\/verdeepratacostagalery.wordpress.com\/wp-content\/uploads\/2023\/08\/imagem1.png?w=567\" alt=\"\" class=\"wp-image-2625\"\/><\/figure>\n\n\n\n<p>Licenciada, P\u00f3s-graduada em Reabilita\u00e7\u00e3o e Restauro, possui ainda forma\u00e7\u00e3o em diversas \u00e1reas as quais se destacam: Hist\u00f3ria da Arte Religiosa, Artes Visuais (Projeto Art\u00edstico I e II \u2013 Reda\u00e7\u00e3o e Conceito, Isso \u00c9 Arte, Po\u00e9ticas Visuais), Curadoria (Curadoria de Exposi\u00e7\u00f5es, Montagem de Exposi\u00e7\u00f5es, Portif\u00f3lio para Artistas e Fot\u00f3grafos), Produ\u00e7\u00e3o e Gest\u00e3o de Conte\u00fados digitais, Digital Influencer e Multim\u00e9dia.<\/p>\n\n\n\n<p>Autora (e\/ou) Coordenadora de v\u00e1rios projetos na \u00e1rea de arquitectura, reabilita\u00e7\u00e3o, urbanismo: \u201cReal F\u00e1brica do Gelo \u2013 Serra de Montejunto \u2013 Cadaval\u201d Revista Scaena, editada pelo Museu de Lisboa \u2013 Teatro Romano, 2023; \u201cAldeia do Carvalhal Bombarral \u2013 O edificado da rua, forma\u00e7\u00e3o, transforma\u00e7\u00e3o e requalifica\u00e7\u00e3o\u201d, CITEM News, Lisboa, 2021; e trabalhos de investiga\u00e7\u00e3o subordinados ao azulejo e patrim\u00f3nio religioso:&nbsp;<a href=\"http:\/\/www.academicstar.us\/issueshow.asp?daid=3853&amp;fbclid=IwAR1AmkB7Km4dTWlHyiGnlYC4VsMYw2qq2F1TBZYGnZE19xTCgpSlpfv7Se0\">Artes Decorativas:&nbsp;Invent\u00e1rio Arquitect\u00f3nico \u2013 Igreja do Sant\u00edssimo Sacramento do Carvalhal, Bombarral, Portugal<\/a>, editado pela Academic Star Publishing Company, EUA;&nbsp;<a href=\"https:\/\/www.atenaeditora.com.br\/catalogo\/post\/santuario-do-bom-jesus-do-carvalhal-bombarral-portugal-arquitectura-religiosa\">Santu\u00e1rio do Bom Jesus do Carvalhal, Bombarral, Portugal | Arquitectura Religiosa<\/a>, editado pela Revista Atena Editora, Brasil, 2022<\/p>\n\n\n\n<p>Ligada ao Turismo desde outubro de 2013, \u00e0 Curadoria e Gest\u00e3o e produ\u00e7\u00e3o de conte\u00fados multim\u00e9dia desde 2017, destacando o Lan\u00e7amento do Bilhete Postal pelos CTT-Portugal \u2013 Turismo &amp; Arte, numa promo\u00e7\u00e3o da Regi\u00e3o Oeste de Portugal, 2019.<\/p>\n\n\n\n<p>Com artigos publicados tanto nacional como internacional em revistas, livros da especialidade de Artes: Bruxelles Art Vue, Bruxelas; NNC Gallery VWorld, Londres e Poesia: Chiado Editora, Portugal; participa em exposi\u00e7\u00f5es de Arte Contempor\u00e2nea desde 1985 com v\u00e1rios pr\u00e9mios adquiridos internacionalmente.<\/p>\n\n\n\n<p>Articulista na Revista on-Line Artes &amp; Contextos, Portugal at\u00e9 2022.<\/p>\n\n\n\n<p>Participou no j\u00fari internacional em: Berlim, 2021| Von Zeidler Art Gallery, Exposi\u00e7\u00e3o \u201cLiving Art Travels Around the World!\u201d organizado pela Artcom Expo Internacional Association of Artists and Partener e na India, 2022 | Concurso Winter\u201922 organizado pela Romartika Art Decoded.<\/p>\n\n\n\n<p>Foi Cr\u00edtica de Arte para a Televis\u00e3o Globo, Programa Bom Dia Tocantins, sobre a obra premiada no Dubai, do artista pl\u00e1stico N\u00fabio Brito e para o Concurso da Vila de Sarpanc India sobre a obra do artista pl\u00e1stico Harry Advanshi.<\/p>\n","protected":false},"excerpt":{"rendered":"<p>OL\u00cdVIA DA COSTA, Arquiteta | Investiga\u00e7\u00e3o, Artes Visuais e correspondente art\u00edstica da Arts Illustrated em Portugal. Licenciada, P\u00f3s-graduada em Reabilita\u00e7\u00e3o e Restauro, possui ainda forma\u00e7\u00e3o em diversas \u00e1reas as quais se destacam: Hist\u00f3ria da Arte Religiosa, Artes Visuais (Projeto Art\u00edstico I e II \u2013 Reda\u00e7\u00e3o e Conceito, Isso \u00c9 Arte, Po\u00e9ticas Visuais), Curadoria (Curadoria de [&hellip;]<\/p>\n","protected":false},"author":1,"featured_media":0,"parent":19,"menu_order":1,"comment_status":"closed","ping_status":"closed","template":"","meta":{"footnotes":""},"_links":{"self":[{"href":"https:\/\/mediaklins.com\/olivia\/wp-json\/wp\/v2\/pages\/33"}],"collection":[{"href":"https:\/\/mediaklins.com\/olivia\/wp-json\/wp\/v2\/pages"}],"about":[{"href":"https:\/\/mediaklins.com\/olivia\/wp-json\/wp\/v2\/types\/page"}],"author":[{"embeddable":true,"href":"https:\/\/mediaklins.com\/olivia\/wp-json\/wp\/v2\/users\/1"}],"replies":[{"embeddable":true,"href":"https:\/\/mediaklins.com\/olivia\/wp-json\/wp\/v2\/comments?post=33"}],"version-history":[{"count":3,"href":"https:\/\/mediaklins.com\/olivia\/wp-json\/wp\/v2\/pages\/33\/revisions"}],"predecessor-version":[{"id":106,"href":"https:\/\/mediaklins.com\/olivia\/wp-json\/wp\/v2\/pages\/33\/revisions\/106"}],"up":[{"embeddable":true,"href":"https:\/\/mediaklins.com\/olivia\/wp-json\/wp\/v2\/pages\/19"}],"wp:attachment":[{"href":"https:\/\/mediaklins.com\/olivia\/wp-json\/wp\/v2\/media?parent=33"}],"curies":[{"name":"wp","href":"https:\/\/api.w.org\/{rel}","templated":true}]}}